e highest common factor of h and i.
16
Let t be (2 + -3)/(4/(-8)). Suppose -3*a + 1 = -14. Calculate the highest common factor of t and a.
1
Suppose -4*v - 14 = -c, 5*c - 4 = 2*v + 12. Let b be -4 - (c + -2 + -3). Let z = b - -5. What is the greatest common divisor of z and 1?
1
Let r(i) = i**2 + i + 32. Let p be r(-9). Let s = 126 - p. What is the greatest common divisor of 2 and s?
2
Suppose -5*y + 397 = 3*m, -y + 0*y - 5*m + 75 = 0. Let q(k) = 4*k**2 - k - 4. Let g be q(2). Calculate the highest common divisor of g and y.
10
Suppose 0 = -2*x + 8, 2*h - 3*x = h. Let o = -8 + h. Suppose d - 4*q = -q + 2, -o*d = -5*q - 8. Calculate the greatest common divisor of 4 and d.
2
Let v(c) = c**3 + 7*c**2 - 5*c - 2. Let h be v(-6). Let k be 1 + 2/2*3*53. What is the highest common divisor of h and k?
32
Let r be (-4)/(-10) - 7190/(-25). Suppose r = 5*n + n. Let c(f) = 2*f - 4. Let s be c(5). Calculate the greatest common factor of n and s.
6
Let h be (10/(-30))/((-1)/6). Suppose 2*a - 32 = h*f - 4*f, -3*a + 76 = -4*f. What is the highest common divisor of 80 and a?
20
Let f be 2/(-4)*4*(6 - 102). Calculate the highest common factor of 24 and f.
24
Let y be ((-1)/(15/96))/(6/(-15)). Suppose -n = q - 6, -q + n = -3*q + y. Calculate the greatest common divisor of 80 and q.
10
Let u be (20 - 2)/(3/2). Suppose 3*t = -0*t + u. Let o = -325 - -349. Calculate the greatest common divisor of t and o.
4
Let v = -1861 - -1882. What is the greatest common factor of 54 and v?
3
Suppose 4*g - g - 66 = 0. Suppose g = 2*q - 0. Suppose -3*t + 25 = -q. What is the highest common factor of t and 30?
6
Suppose 32 = -4*j + 192. Let n(f) = -2*f - 8. Let b be n(10). Let i = j + b. What is the highest common divisor of 12 and i?
12
Let w = 1845 - 1785. Calculate the greatest common divisor of 990 and w.
30
Let h(k) = -15*k - 12. Let y be h(-4). Let j = y + -46. Calculate the highest common factor of 16 and j.
2
Let k = -8 - -8. Suppose 4*f + k*d = 2*d + 40, 0 = 5*f - 2*d - 52. What is the greatest common factor of f and 36?
12
Let f = 7 + -10. Let m be (90/(-21))/(f/42). Suppose -4*a = 4*b - 44, 2*b - 3*a - 3 = 24. Calculate the greatest common factor of m and b.
12
Suppose 0 = -3*j + 2*s + 26, -4*j - 5*s + 1 + 3 = 0. Let u be (-3)/6 - (-159)/j. Suppose 273 = -8*h + 15*h. Calculate the greatest common factor of u and h.
13
Let b(o) = o + 1. Let w(y) = -y + 9. Let v(c) = 2*b(c) + w(c). Let d be v(-7). Let z = d - -10. What is the highest common factor of 126 and z?
14
Let r(k) = k**2 + 9*k - 1. Let z be r(-12). Suppose 4*d + 3 = -3*a + 2, 0 = 3*a - 5*d - 35. What is the greatest common factor of z and a?
5
Let i(t) be the first derivative of t**4/4 + t**3 - t**2 - 3*t - 32. Let z be i(-3). Calculate the greatest common divisor of z and 3.
3
Let f = 875 - 851. What is the greatest common divisor of 312 and f?
24
Let h(j) = 19*j**2 - 4*j - 7. Suppose 2*p - 10 + 14 = 0. Let o be h(p). Calculate the highest common divisor of o and 11.
11
Suppose s - 3*z - 66 = -6*z, -s = -4*z - 52. Calculate the greatest common factor of s and 10.
10
Let w = -880 + 970. What is the greatest common factor of w and 2070?
90
Let l = 1376 + -849. What is the greatest common divisor of 62 and l?
31
Let o be 4*10/(-12)*42/140. Let c be (2 - 2 - o)*(-45)/(-9). What is the highest common divisor of c and 55?
5
Let g = -1 - -21. Suppose h - 6 = -g. Let u be (-38)/h + 6/21. What is the highest common factor of u and 15?
3
Suppose 5*k - 4*a - 451 = 0, 0 = 4*k - 0*a + 5*a - 369. Let z = -47 + k. What is the highest common factor of 66 and z?
22
Suppose 0 = 4*a + w - 7, -20 = 3*w - 5. Let j be a/12*0 + 8. Suppose -2*l + 16 = -j. What is the highest common factor of 96 and l?
12
Let p = -443 - -458. Calculate the highest common factor of p and 60.
15
Suppose 0 = 2*f + 2*t + 22, 4*f + 3*t = 6*t - 9. Let v(l) = 2*l**3 + 12*l**2 - 3*l + 2. Let u be v(f). Calculate the greatest common factor of u and 8.
4
Let x = -50 + 57. Suppose -5*d - 2*c - 6 = c, 0 = -4*d + 2*c - 18. Let y = x - d. Calculate the greatest common divisor of 110 and y.
10
Let o be (-2)/(-9) - ((-502)/9 - -4). Let g be (1625/(-100))/(5/(-8)). What is the greatest common factor of g and o?
26
Suppose 14 = 5*p + 3*o, -2*p - 3*o + 18 = -8*o. Suppose p*d - 4*h = h + 921, 4*h + 456 = 2*d. Calculate the highest common divisor of 18 and d.
18
Let u(y) = 3*y - 24. Let w be u(13). Suppose 2*l = -3*k + 261, 3*k + 1 + 704 = 5*l. Let g = -33 + l. Calculate the greatest common divisor of g and w.
15
Let x(r) = -r**2 + r. Let z be x(1). Suppose 5*n = 3*l, 0 = -l - z*l. Let g(w) = -w + 18. Let o be g(n). What is the greatest common divisor of 2 and o?
2
Suppose 0*b + b - 2*c = 30, -2*b + c + 51 = 0. Let x(v) = -v**3 - 9*v**2 - 5*v + 3. Let p be x(-9). Calculate the highest common factor of p and b.
24
Suppose 7*m = 3*m - 2*f + 16, -2*m - 2 = -4*f. Let z = -87 - -183. Suppose -3*b = -4*s + z, 12 = -0*b - 3*b. What is the highest common divisor of m and s?
3
Let b be 132/30*(-25)/(-10) + 1. What is the greatest common divisor of b and 3?
3
Let o be 1224/96 - (-3)/(-4). Let h be -2 - (-56)/(0 - -4). Calculate the greatest common divisor of o and h.
12
Let t(o) = -50*o - 38. Let m be t(-1). Calculate the greatest common divisor of 84 and m.
12
Let r(i) = i**2 + i - 2. Let q = -2 + -1. Let w be r(q). Calculate the greatest common divisor of 1 and w.
1
Let y(g) = g**2 - 31*g + 17. Let h(f) = -f**2 + 16*f - 9. Let u(z) = -5*h(z) - 3*y(z). Let r be u(-7). What is the greatest common factor of 11 and r?
1
Let f be (-3357)/(-15) + 1/5. Suppose -z - 3*z + f = 0. Let c be z/1 + 7 + -8. Calculate the highest common divisor of c and 5.
5
Suppose 665 = -26*y + 31*y. Let s = 136 - y. Calculate the highest common factor of s and 10.
1
Let l = 433 + -349. What is the greatest common divisor of l and 468?
12
Let v(q) = 3*q**3 - 4*q**2 + 4*q - 2. Let w be (-92)/8*(4 - 6). Let x = -21 + w. Let b be v(x). What is the greatest common factor of 35 and b?
7
Let k = 30 - 28. Suppose k*b - 102 = -0*b. Calculate the highest common factor of 17 and b.
17
Let c = -1396 + 2372. Calculate the greatest common divisor of c and 16.
16
Suppose 0 = -5*m - 4 - 11, 4*g + 4*m = 16. Suppose 3*z + 2*i + 76 = 6*z, 2*z = i + 52. What is the greatest common divisor of g and z?
7
Suppose 0 = 5*h - 365 - 55. What is the highest common divisor of 700 and h?
28
Suppose -3*o - b = b + 46, -3*b - 42 = 3*o. Let v be -3*(-4)/o - (-844)/6. What is the greatest common factor of v and 28?
28
Let a = 168 - 152. Calculate the greatest common divisor of a and 4.
4
Let h(d) = 2*d**3 - 3*d**2 - 5*d - 3. Let m be h(4). Let k = 2704 + -2685. Calculate the highest common factor of m and k.
19
Let q(a) = -a**3 - 13*a**2 + 5. Let u be 9/(-6)*156/18. Let o be q(u). Let n = 74 - 49. Calculate the highest common factor of n and o.
5
Suppose 3*l = -2*l. Suppose l = 3*t + 5*b, t + t - 3*b + 19 = 0. Let w(m) = m**3 + 6*m**2. Let c be w(t). What is the highest common divisor of 25 and c?
25
Suppose -42 = 25*q - 28*q. Suppose 189 = -q*o + 21*o. Calculate the greatest common factor of 3 and o.
3
Let v(k) = k**3 - 18*k**2 - 17*k + 53. Let t be v(19). Calculate the highest common divisor of 2912 and t.
91
Let v be 6 + (-1)/(-1)*0. Suppose -v*s = -628 - 1478. What is the highest common factor of s and 39?
39
Let q be (-2)/3*(-89 + -1). Let f(n) = -3*n - 13. Let r be f(-5). Let s be r*5/3*9. What is the greatest common divisor of s and q?
30
Let f = -17 - -29. Suppose 4*b = 35*d - 32*d + 81, -2*b - d + 33 = 0. Calculate the highest common factor of b and f.
6
Let w(t) = t**3 - 9*t**2 - 5*t + 4. Let j be 18/4 + 10/20. Let s be w(j). Let i = s + 172. What is the greatest common factor of i and 17?
17
Suppose -h + 3 = -w + 1, 5*h + 4*w = -17. Let i be h*0/(-1 - -2). Suppose i = -v + 4*s - 8, 8 = -s + 3*s. What is the greatest common divisor of v and 40?
8
Suppose -g - 11*q + 10 = -7*q, 4*g - 4*q = 100. What is the greatest common factor of g and 99?
11
Let u = 252 + -232. Calculate the highest common divisor of 310 and u.
10
Suppose -68 = -5*x - 43. Suppose -x*q = -15 - 15. Calculate the highest common divisor of q and 18.
6
Suppose 3*r = -2*z + 361, -r + 127 = -0*r + 2*z. Suppose 0 = -8*m + 9*m - 13. Calculate the greatest common factor 